se -p = -745 - 2721. What is the hundreds digit of p?
4
Let t = -3849 + 14479. What is the units digit of t?
0
Let r = 64 - 58. Suppose 0 = r*x - 10*x + 12. What is the units digit of (-34)/(3/3*-2) + x?
0
Suppose -31 + 66 = 7*y. Suppose -y*t = 12*t - 102. What is the tens digit of ((-4788)/98)/(t/(-28))?
2
Suppose 18*j = -19*j + 74. Suppose -4944 = -3*n - 3*w, j*n + 31*w = 35*w + 3272. What is the tens digit of n?
4
Suppose 5*u = 4*g - 6650, -6607 = -4*g - 3*u + 59. Suppose -5*i + 7190 = g. What is the tens digit of i?
0
Let g = 10820 + -7843. What is the units digit of g?
7
Let w be (97 + -3 - 1)/((-6)/4). Let m = -59 - w. Suppose 5*c - 313 - 117 = -y, -m*y + 72 = c. What is the units digit of c?
7
Let m = -173 + 266. What is the units digit of 5 + (1 + 1 - 4) + m?
6
Suppose -4 = 3*m + 5*i, 0*m + 2*i + 24 = 2*m. Suppose 3*v + 16 = m*v. Suppose 44 = v*w - 2*p - 274, -3*w + 237 = -2*p. What is the units digit of w?
1
Suppose -39*p + 52989 = -4185. Suppose -1461*o + p*o - 3310 = 0. What is the tens digit of o?
6
Suppose 2*t - 109565 - 46018 = n, 4*n + 311156 = 4*t. What is the thousands digit of t?
7
Let s be (-11250)/(-9) - (-6)/2. Suppose 6*o = 3*o + 3*b + 1932, -2*o + s = 5*b. What is the units digit of o?
9
Let y = -23844 + 41659. What is the units digit of y?
5
What is the thousands digit of (-55)/(-33)*3 + 74022 + -4?
4
Let w = 30236 + -16169. What is the ten thousands digit of w?
1
Let f be ((-4)/3)/(30/495). Let h = 29 + f. Suppose 9*w - h*w = 16. What is the units digit of w?
8
Suppose -4*l - 12 = -2*z, -5*z - 12 = -l - 33. Suppose -z*p + 3731 = 1155. What is the units digit of p?
4
Let c(h) be the third derivative of h**6/40 - h**5/30 - h**4/12 + 2*h**3 + 70*h**2. What is the tens digit of c(5)?
2
Let w(t) = -15*t + 50. Let l be w(16). Let d = l + 686. What is the units digit of d?
6
Let p(i) = 5*i**2 + 119*i + 187. What is the tens digit of p(-52)?
1
Let k(r) = 2*r**2 + r + 136. Let j be k(0). Suppose -c + j = 3*s + 3*c, -5*s = 2*c - 222. Suppose 42*x = s*x - 198. What is the tens digit of x?
9
Suppose 18*m - 30580 = -5*m + 370563. What is the ten thousands digit of m?
1
Let m = -456 + 471. Suppose -m*u = 16*u - 2914. What is the tens digit of u?
9
Let g be ((-105)/12)/(-5)*20 - 3. Suppose 2*b = b + g. Suppose -b = -4*p + 228. What is the units digit of p?
5
Suppose -15*b + 18*b - 267 = 0. Let c = b - -241. What is the hundreds digit of c?
3
What is the tens digit of (-70)/63 + (-254197)/(-9)?
4
Let t = -5256 + 10357. What is the tens digit of t?
0
Let k be -1*(-4 - (-4 - -538))*4. Let j = -1441 + k. What is the hundreds digit of j?
7
Suppose 4*s + 3*g = 35456, -3*g = -16*s + 12*s + 35408. What is the units digit of s?
8
Let v(w) = -4*w**2 + 7*w**2 + 3*w**2 + 6*w - 2*w. Suppose 0 = 9*k + 16 + 20. What is the units digit of v(k)?
0
Let b be 1*7/((-28)/(-128)). Let a be 184/b + (-1)/(-2*2). Suppose -a*l - l + 707 = 0. What is the tens digit of l?
0
Let b = 9 - 4. Let l = -9 + b. What is the units digit of (-62)/l*1*6?
3
Suppose 0 = 3*h - 0*h + 2*t + 34, -5*t + 65 = -5*h. Suppose 26*s - 3*m + 18 = 30*s, -s + 4*m = 5. What is the tens digit of ((-1420)/h)/1 + (-1)/s?
1
Suppose 23*v - 391950 = 18*v - 25*v. What is the hundreds digit of v?
0
Let z = 27605 + -19262. What is the units digit of z?
3
Suppose z = -1, 0 = 5*x - 5*z + 4*z - 39311. What is the units digit of x?
2
Let j(f) = 3*f**3 - 16*f**2 - 392*f + 33. What is the tens digit of j(31)?
7
Let v(g) = 23839*g**2 - 46*g + 49. What is the tens digit of v(1)?
4
Let o(f) = 2*f**2 - 3*f + 19. Let t be o(12). Let d = 639 - t. What is the tens digit of d?
6
Suppose -17*h = -14*h - 4*h + 8047. What is the thousands digit of h?
8
Let g(s) = -1480*s - 6233. What is the tens digit of g(-45)?
6
Let c = -7951 + 13877. What is the hundreds digit of c?
9
Let b(d) = -d**3 - 6*d**2 + 8*d + 9. Let c be b(-7). Suppose -4*m = -12, -4*m + 4 = 4*f - c*f. What is the units digit of (-1275)/(-12) - f/(-16)?
6
Suppose -459 = v + 16*v. What is the units digit of (-30*186/v)/(2/15)?
0
Let i(v) = 125*v - 15. Let o be i(6). Suppose -o - 1341 = -12*h. What is the hundreds digit of h?
1
What is the tens digit of (-22)/(4545/7980 + 8/(-14))?
0
Let t = -17 + 19. Let h(w) = 3*w**2 + 1 + w**3 + 1 - 6*w**2 + 4 - t*w. What is the units digit of h(4)?
4
Let u be 9842/(-148)*4/(-7). Let n = -12 - 50. Let b = u - n. What is the tens digit of b?
0
Let i be 2*(-5 - 1418/(-16))*4. Suppose 0 = o - 99 - i. What is the units digit of o?
8
Let m = 104802 + -49539. What is the hundreds digit of m?
2
Let u(p) be the third derivative of p**6/40 - p**5/15 - 2*p**4/3 + 3*p**3/2 - 3*p**2 - 7*p. What is the tens digit of u(5)?
0
Let m(q) be the first derivative of q**4/4 - 10*q**3/3 - 27*q**2/2 + 28*q - 68. What is the hundreds digit of m(15)?
7
Let g(z) = 459*z + 1318. What is the units digit of g(24)?
4
Let n(b) = b**3 - 3*b**2 - 3*b - 2. Let g be n(4). Suppose 1 = -5*u + 3*y - 3, y = u + g. What is the units digit of u?
1
Suppose 99 = -4*v + 1755. Suppose -5*u + m + 2*m = -v, -74 = -u + 5*m. Suppose 26 = 2*r - u. What is the tens digit of r?
5
Let w be (-1)/(-3 + -2)*(4 + 1). What is the tens digit of (-1 + w - -391) + (-360)/90?
8
Suppose -5*o + 108 = -17. Suppose 0 = 3*m + 2*m - o. Suppose 5*b - 219 = i, 5*i = m*b - 230 - 5. What is the units digit of b?
3
What is the units digit of ((-1)/4*11 - -2)/((-107)/47508)?
3
Suppose 0 = 317*n - 315*n - 2*w - 19934, -3*w = 9. What is the thousands digit of n?
9
Let m(i) = i**2 - 564*i + 26837. What is the ten thousands digit of m(0)?
2
Let q(f) = 18*f**3 - 7*f**2 - 16*f. What is the units digit of q(7)?
9
Suppose -5*l = 2*c - 1555, -2*l + 4*l + c = 621. Let u = -289 + l. What is the units digit of u?
4
Let h = 10 - 5. Suppose 2*o - 300 = 5*l, 4*o + 300 = -h*l - 0*o. Let g = 100 + l. What is the tens digit of g?
4
Suppose 25*a + 858165 = 94*a - 1958415. What is the thousands digit of a?
0
Suppose 3*j - 96 = -29*j. Suppose -7*s + 4*c = -4*s - 2542, 4255 = 5*s - j*c. What is the tens digit of s?
5
Let n = -59 + 64. Let z(j) = j**3 - 3*j**2 - 11*j + 6. Let r be z(n). What is the hundreds digit of (-1194)/(-8) - r - 129/(-172)?
1
Suppose 4*k = 5*y, -2*y = -2*k + 3*k. Suppose -11*o + 138 + 170 = k. Suppose -29*h + 255 = -o*h. What is the hundreds digit of h?
2
What is the thousands digit of (-5356)/39*(-27)/12*1054/51?
6
Let t(d) = 11*d**2 - 8*d - 16. Let v = 126 + -121. What is the tens digit of t(v)?
1
Suppose -46*s = -31*s - 18165. Suppose -l = -5*h - s, -79*h + 74*h + 3553 = 3*l. What is the thousands digit of l?
1
Suppose 2554 = 6*l + 13378. Let v = l - -3094. What is the thousands digit of v?
1
Let k(x) = -x - 6. Let t(p) = -p - 7. Let i be t(8). Let h be k(i). Suppose 5*y + 196 = h*y. What is the tens digit of y?
4
Suppose -4*f = -n + 9 - 32, -4*n = 5*f - 34. Suppose -2*g = -f*r + 2*r - 396, -2*g = 3*r - 375. What is the hundreds digit of g?
1
Let o(x) = 1015*x + 3617. What is the tens digit of o(8)?
3
Suppose -k = -459 - 168. Suppose -4*j + k = -237. Let z = j + -96. What is the units digit of z?
0
Let q = 20 - 337. Let a = q - -442. What is the tens digit of a?
2
What is the tens digit of 101508/77*(-595)/(-10)?
3
Let t = 6719 - 5708. What is the hundreds digit of t?
0
Let i(y) = -1895*y - 861. What is the tens digit of i(-8)?
9
Let k(j) = 65 + 594*j - 351*j - 288*j + 5*j**2 - j**2 - 21. What is the units digit of k(15)?
9
Suppose 40 = -3*j + 8*j - x, 2*j = -5*x - 11. Suppose -j*q + 862 = -370. What is the tens digit of q?
7
Let w be ((-15)/(-6) + -3)*6. Suppose 2 = 5*y - 18. What is the tens digit of (-364)/w + y/6?
2
Let w(p) = -396*p + 22. What is the tens digit of w(-11)?
7
Let i = -39 + 43. Suppose 4*k - 454 = -2*w, 4*k - 510 = i*w - 62. Suppose -3*y - 4*d + k = 0, -d + 155 = y + 3*y. What is the tens digit of y?
3
Suppose -18*g + 14 = 3*v - 16*g, -5*v + 20 = 5*g. Suppose 2461 - 331 = v*q. What is the tens digit of q?
5
Suppose 3*s - m = 2*s + 1, 16 = s + 4*m. Suppose -x - 2*x = 2*j - 300, -s*x = 4*j - 400. What is the tens digit of x?
0
What is the units digit of (285/42 - 4/14)*(1658 - 230)?
2
Suppose 6*c + 16729 = 54823. What is the tens digit of c?
4
Let q = -370 - -369. What is the tens digit of (-2)/(6/15) - q*848?
4
Let h(w) = -w - 17. Let v be h(-11). Let o(x) = -64*x 